{"id":467,"date":"2011-05-24T11:23:38","date_gmt":"2011-05-24T11:23:38","guid":{"rendered":"https:\/\/www.preservons-la-nature.fr\/blog\/wp-content\/uploads\/2011\/05\/DSC08854.jpg"},"modified":"2011-05-24T11:23:38","modified_gmt":"2011-05-24T11:23:38","slug":"sony-dsc-85","status":"inherit","type":"attachment","link":"https:\/\/preservons-la-nature.fr\/blog\/?attachment_id=467","title":{"rendered":"Lingettes incrust\u00e9es dans la v\u00e9g\u00e9tation"},"author":1,"featured_media":0,"comment_status":"open","ping_status":"open","template":"","meta":[],"class_list":["post-467","attachment","type-attachment","status-inherit","hentry"],"description":{"rendered":"<p class=\"attachment\"><a href='https:\/\/preservons-la-nature.fr\/blog\/wp-content\/uploads\/2011\/05\/DSC08854.jpg'><img loading=\"lazy\" decoding=\"async\" width=\"300\" height=\"200\" src=\"https:\/\/preservons-la-nature.fr\/blog\/wp-content\/uploads\/2011\/05\/DSC08854-300x200.jpg\" class=\"attachment-medium size-medium\" alt=\"Lingettes incrust\u00e9es dans la v\u00e9g\u00e9tation\" srcset=\"https:\/\/preservons-la-nature.fr\/blog\/wp-content\/uploads\/2011\/05\/DSC08854-300x200.jpg 300w, https:\/\/preservons-la-nature.fr\/blog\/wp-content\/uploads\/2011\/05\/DSC08854.jpg 700w\" sizes=\"auto, (max-width: 300px) 100vw, 300px\" \/><\/a><\/p>\n"},"caption":{"rendered":"<p>Lingettes incrust\u00e9es dans la v\u00e9g\u00e9tation <a href=\"https:\/\/preservons-la-nature.fr\/blog\/?attachment_id=467\">Continuer la lecture <span class=\"meta-nav\">&rarr;<\/span><\/a><\/p>\n"},"alt_text":"Lingettes incrust\u00e9es dans la v\u00e9g\u00e9tation","media_type":"image","mime_type":"image\/jpeg","media_details":{"width":"700","height":"467","hwstring_small":"height='85' width='128'","file":"2011\/05\/DSC08854.jpg","sizes":{"thumbnail":{"file":"DSC08854-150x150.jpg","width":"150","height":"150","source_url":"https:\/\/preservons-la-nature.fr\/blog\/wp-content\/uploads\/2011\/05\/DSC08854-150x150.jpg"},"medium":{"file":"DSC08854-300x200.jpg","width":"300","height":"200","source_url":"https:\/\/preservons-la-nature.fr\/blog\/wp-content\/uploads\/2011\/05\/DSC08854-300x200.jpg"},"post-thumbnail":{"file":"DSC08854-700x198.jpg","width":"700","height":"198","source_url":"https:\/\/preservons-la-nature.fr\/blog\/wp-content\/uploads\/2011\/05\/DSC08854-700x198.jpg"},"full":{"file":"DSC08854.jpg","width":700,"height":467,"mime_type":"image\/jpeg","source_url":"https:\/\/preservons-la-nature.fr\/blog\/wp-content\/uploads\/2011\/05\/DSC08854.jpg"}},"image_meta":{"aperture":"6.3","credit":"","camera":"DSLR-A700","caption":"","created_timestamp":"1305998566","copyright":"","focal_length":"100","iso":"200","shutter_speed":"0.0025","title":"SONY DSC"}},"post":466,"source_url":"https:\/\/preservons-la-nature.fr\/blog\/wp-content\/uploads\/2011\/05\/DSC08854.jpg","_links":{"self":[{"href":"https:\/\/preservons-la-nature.fr\/blog\/index.php?rest_route=\/wp\/v2\/media\/467","targetHints":{"allow":["GET"]}}],"collection":[{"href":"https:\/\/preservons-la-nature.fr\/blog\/index.php?rest_route=\/wp\/v2\/media"}],"about":[{"href":"https:\/\/preservons-la-nature.fr\/blog\/index.php?rest_route=\/wp\/v2\/types\/attachment"}],"author":[{"embeddable":true,"href":"https:\/\/preservons-la-nature.fr\/blog\/index.php?rest_route=\/wp\/v2\/users\/1"}],"replies":[{"embeddable":true,"href":"https:\/\/preservons-la-nature.fr\/blog\/index.php?rest_route=%2Fwp%2Fv2%2Fcomments&post=467"}]}}

Lingettes incrustées dans la végétation

<p class="attachment"><a href='https://preservons-la-nature.fr/blog/wp-content/uploads/2011/05/DSC08854.jpg'><img loading="lazy" decoding="async" width="300" height="200" src="https://preservons-la-nature.fr/blog/wp-content/uploads/2011/05/DSC08854-300x200.jpg" class="attachment-medium size-medium" alt="Lingettes incrustées dans la végétation" srcset="https://preservons-la-nature.fr/blog/wp-content/uploads/2011/05/DSC08854-300x200.jpg 300w, https://preservons-la-nature.fr/blog/wp-content/uploads/2011/05/DSC08854.jpg 700w" sizes="auto, (max-width: 300px) 100vw, 300px" /></a></p>

<p>Lingettes incrustées dans la végétation <a href="https://preservons-la-nature.fr/blog/?attachment_id=467">Continuer la lecture <span class="meta-nav">&rarr;</span></a></p>
