{"id":355,"date":"2011-04-27T06:45:29","date_gmt":"2011-04-27T06:45:29","guid":{"rendered":"https:\/\/www.preservons-la-nature.fr\/blog\/wp-content\/uploads\/2011\/04\/deversoir2.jpg"},"modified":"2011-04-27T06:45:29","modified_gmt":"2011-04-27T06:45:29","slug":"deversoir2","status":"inherit","type":"attachment","link":"https:\/\/preservons-la-nature.fr\/blog\/?attachment_id=355","title":{"rendered":"D\u00e9chets \u00e0 proximit\u00e9 de la zone de rejet en Loire"},"author":1,"featured_media":0,"comment_status":"open","ping_status":"open","template":"","meta":[],"class_list":["post-355","attachment","type-attachment","status-inherit","hentry"],"description":{"rendered":"<p class=\"attachment\"><a href='https:\/\/preservons-la-nature.fr\/blog\/wp-content\/uploads\/2011\/04\/deversoir2.jpg'><img loading=\"lazy\" decoding=\"async\" width=\"300\" height=\"199\" src=\"https:\/\/preservons-la-nature.fr\/blog\/wp-content\/uploads\/2011\/04\/deversoir2-300x199.jpg\" class=\"attachment-medium size-medium\" alt=\"D\u00e9chets \u00e0 proximit\u00e9 de la zone de rejet en Loire\" srcset=\"https:\/\/preservons-la-nature.fr\/blog\/wp-content\/uploads\/2011\/04\/deversoir2-300x199.jpg 300w, https:\/\/preservons-la-nature.fr\/blog\/wp-content\/uploads\/2011\/04\/deversoir2.jpg 786w\" sizes=\"auto, (max-width: 300px) 100vw, 300px\" \/><\/a><\/p>\n"},"caption":{"rendered":"<p>D\u00e9chets \u00e0 proximit\u00e9 de la zone de rejet en Loire <a href=\"https:\/\/preservons-la-nature.fr\/blog\/?attachment_id=355\">Continuer la lecture <span class=\"meta-nav\">&rarr;<\/span><\/a><\/p>\n"},"alt_text":"D\u00e9chets \u00e0 proximit\u00e9 de la zone de rejet en Loire","media_type":"image","mime_type":"image\/jpeg","media_details":{"width":"786","height":"523","hwstring_small":"height='85' width='128'","file":"2011\/04\/deversoir2.jpg","sizes":{"thumbnail":{"file":"deversoir2-150x150.jpg","width":"150","height":"150","source_url":"https:\/\/preservons-la-nature.fr\/blog\/wp-content\/uploads\/2011\/04\/deversoir2-150x150.jpg"},"medium":{"file":"deversoir2-300x199.jpg","width":"300","height":"199","source_url":"https:\/\/preservons-la-nature.fr\/blog\/wp-content\/uploads\/2011\/04\/deversoir2-300x199.jpg"},"post-thumbnail":{"file":"deversoir2-786x198.jpg","width":"786","height":"198","source_url":"https:\/\/preservons-la-nature.fr\/blog\/wp-content\/uploads\/2011\/04\/deversoir2-786x198.jpg"},"full":{"file":"deversoir2.jpg","width":786,"height":523,"mime_type":"image\/jpeg","source_url":"https:\/\/preservons-la-nature.fr\/blog\/wp-content\/uploads\/2011\/04\/deversoir2.jpg"}},"image_meta":{"aperture":"0","credit":"","camera":"","caption":"","created_timestamp":"0","copyright":"","focal_length":"0","iso":"0","shutter_speed":"0","title":""}},"post":347,"source_url":"https:\/\/preservons-la-nature.fr\/blog\/wp-content\/uploads\/2011\/04\/deversoir2.jpg","_links":{"self":[{"href":"https:\/\/preservons-la-nature.fr\/blog\/index.php?rest_route=\/wp\/v2\/media\/355","targetHints":{"allow":["GET"]}}],"collection":[{"href":"https:\/\/preservons-la-nature.fr\/blog\/index.php?rest_route=\/wp\/v2\/media"}],"about":[{"href":"https:\/\/preservons-la-nature.fr\/blog\/index.php?rest_route=\/wp\/v2\/types\/attachment"}],"author":[{"embeddable":true,"href":"https:\/\/preservons-la-nature.fr\/blog\/index.php?rest_route=\/wp\/v2\/users\/1"}],"replies":[{"embeddable":true,"href":"https:\/\/preservons-la-nature.fr\/blog\/index.php?rest_route=%2Fwp%2Fv2%2Fcomments&post=355"}]}}

Déchets à proximité de la zone de rejet en Loire

<p class="attachment"><a href='https://preservons-la-nature.fr/blog/wp-content/uploads/2011/04/deversoir2.jpg'><img loading="lazy" decoding="async" width="300" height="199" src="https://preservons-la-nature.fr/blog/wp-content/uploads/2011/04/deversoir2-300x199.jpg" class="attachment-medium size-medium" alt="Déchets à proximité de la zone de rejet en Loire" srcset="https://preservons-la-nature.fr/blog/wp-content/uploads/2011/04/deversoir2-300x199.jpg 300w, https://preservons-la-nature.fr/blog/wp-content/uploads/2011/04/deversoir2.jpg 786w" sizes="auto, (max-width: 300px) 100vw, 300px" /></a></p>

<p>Déchets à proximité de la zone de rejet en Loire <a href="https://preservons-la-nature.fr/blog/?attachment_id=355">Continuer la lecture <span class="meta-nav">&rarr;</span></a></p>
