{"id":1076,"date":"2012-09-11T11:46:26","date_gmt":"2012-09-11T11:46:26","guid":{"rendered":"https:\/\/www.preservons-la-nature.fr\/blog\/wp-content\/uploads\/2012\/09\/DSC0022.jpg"},"modified":"2012-09-11T11:46:26","modified_gmt":"2012-09-11T11:46:26","slug":"sony-dsc-194","status":"inherit","type":"attachment","link":"https:\/\/preservons-la-nature.fr\/blog\/?attachment_id=1076","title":{"rendered":"L&rsquo;\u00e9gout se trouve sous le niveau de la Loire lorsque celle-ci est en l\u00e9g\u00e8re crue"},"author":1,"featured_media":0,"comment_status":"open","ping_status":"open","template":"","meta":[],"class_list":["post-1076","attachment","type-attachment","status-inherit","hentry"],"description":{"rendered":"<p class=\"attachment\"><a href='https:\/\/preservons-la-nature.fr\/blog\/wp-content\/uploads\/2012\/09\/DSC0022.jpg'><img loading=\"lazy\" decoding=\"async\" width=\"300\" height=\"200\" src=\"https:\/\/preservons-la-nature.fr\/blog\/wp-content\/uploads\/2012\/09\/DSC0022-300x200.jpg\" class=\"attachment-medium size-medium\" alt=\"L&#039;\u00e9gout se trouve sous le niveau de la Loire lorsque celle-ci est en l\u00e9g\u00e8re crue\" srcset=\"https:\/\/preservons-la-nature.fr\/blog\/wp-content\/uploads\/2012\/09\/DSC0022-300x200.jpg 300w, https:\/\/preservons-la-nature.fr\/blog\/wp-content\/uploads\/2012\/09\/DSC0022.jpg 900w\" sizes=\"auto, (max-width: 300px) 100vw, 300px\" \/><\/a><\/p>\n"},"caption":{"rendered":"<p>L&rsquo;\u00e9gout se trouve sous le niveau de la Loire lorsque celle-ci est en l\u00e9g\u00e8re crue <a href=\"https:\/\/preservons-la-nature.fr\/blog\/?attachment_id=1076\">Continuer la lecture <span class=\"meta-nav\">&rarr;<\/span><\/a><\/p>\n"},"alt_text":"L'\u00e9gout se trouve sous le niveau de la Loire lorsque celle-ci est en l\u00e9g\u00e8re crue","media_type":"image","mime_type":"image\/jpeg","media_details":{"width":"900","height":"600","hwstring_small":"height='85' width='128'","file":"2012\/09\/DSC0022.jpg","sizes":{"thumbnail":{"file":"DSC0022-150x150.jpg","width":"150","height":"150","source_url":"https:\/\/preservons-la-nature.fr\/blog\/wp-content\/uploads\/2012\/09\/DSC0022-150x150.jpg"},"medium":{"file":"DSC0022-300x200.jpg","width":"300","height":"200","source_url":"https:\/\/preservons-la-nature.fr\/blog\/wp-content\/uploads\/2012\/09\/DSC0022-300x200.jpg"},"post-thumbnail":{"file":"DSC0022-900x198.jpg","width":"900","height":"198","source_url":"https:\/\/preservons-la-nature.fr\/blog\/wp-content\/uploads\/2012\/09\/DSC0022-900x198.jpg"},"full":{"file":"DSC0022.jpg","width":900,"height":600,"mime_type":"image\/jpeg","source_url":"https:\/\/preservons-la-nature.fr\/blog\/wp-content\/uploads\/2012\/09\/DSC0022.jpg"}},"image_meta":{"aperture":"6.3","credit":"","camera":"DSLR-A700","caption":"","created_timestamp":"1346521696","copyright":"","focal_length":"100","iso":"200","shutter_speed":"0.003125","title":"SONY DSC"}},"post":1065,"source_url":"https:\/\/preservons-la-nature.fr\/blog\/wp-content\/uploads\/2012\/09\/DSC0022.jpg","_links":{"self":[{"href":"https:\/\/preservons-la-nature.fr\/blog\/index.php?rest_route=\/wp\/v2\/media\/1076","targetHints":{"allow":["GET"]}}],"collection":[{"href":"https:\/\/preservons-la-nature.fr\/blog\/index.php?rest_route=\/wp\/v2\/media"}],"about":[{"href":"https:\/\/preservons-la-nature.fr\/blog\/index.php?rest_route=\/wp\/v2\/types\/attachment"}],"author":[{"embeddable":true,"href":"https:\/\/preservons-la-nature.fr\/blog\/index.php?rest_route=\/wp\/v2\/users\/1"}],"replies":[{"embeddable":true,"href":"https:\/\/preservons-la-nature.fr\/blog\/index.php?rest_route=%2Fwp%2Fv2%2Fcomments&post=1076"}]}}

L&rsquo;égout se trouve sous le niveau de la Loire lorsque celle-ci est en légère crue

<p class="attachment"><a href='https://preservons-la-nature.fr/blog/wp-content/uploads/2012/09/DSC0022.jpg'><img loading="lazy" decoding="async" width="300" height="200" src="https://preservons-la-nature.fr/blog/wp-content/uploads/2012/09/DSC0022-300x200.jpg" class="attachment-medium size-medium" alt="L&#039;égout se trouve sous le niveau de la Loire lorsque celle-ci est en légère crue" srcset="https://preservons-la-nature.fr/blog/wp-content/uploads/2012/09/DSC0022-300x200.jpg 300w, https://preservons-la-nature.fr/blog/wp-content/uploads/2012/09/DSC0022.jpg 900w" sizes="auto, (max-width: 300px) 100vw, 300px" /></a></p>

<p>L&rsquo;égout se trouve sous le niveau de la Loire lorsque celle-ci est en légère crue <a href="https://preservons-la-nature.fr/blog/?attachment_id=1076">Continuer la lecture <span class="meta-nav">&rarr;</span></a></p>

L'égout se trouve sous le niveau de la Loire lorsque celle-ci est en légère crue
