{"id":1075,"date":"2012-09-11T11:44:41","date_gmt":"2012-09-11T11:44:41","guid":{"rendered":"https:\/\/www.preservons-la-nature.fr\/blog\/wp-content\/uploads\/2012\/09\/DSC0019.jpg"},"modified":"2012-09-11T11:44:41","modified_gmt":"2012-09-11T11:44:41","slug":"sony-dsc-193","status":"inherit","type":"attachment","link":"https:\/\/preservons-la-nature.fr\/blog\/?attachment_id=1075","title":{"rendered":"Un flot \u00e9norme d&rsquo;eaux us\u00e9es circule m\u00eame en pleine canicule"},"author":1,"featured_media":0,"comment_status":"open","ping_status":"open","template":"","meta":[],"class_list":["post-1075","attachment","type-attachment","status-inherit","hentry"],"description":{"rendered":"<p class=\"attachment\"><a href='https:\/\/preservons-la-nature.fr\/blog\/wp-content\/uploads\/2012\/09\/DSC0019.jpg'><img loading=\"lazy\" decoding=\"async\" width=\"300\" height=\"200\" src=\"https:\/\/preservons-la-nature.fr\/blog\/wp-content\/uploads\/2012\/09\/DSC0019-300x200.jpg\" class=\"attachment-medium size-medium\" alt=\"Un flot \u00e9norme d&#039;eaux us\u00e9es circule m\u00eame en pleine canicule\" srcset=\"https:\/\/preservons-la-nature.fr\/blog\/wp-content\/uploads\/2012\/09\/DSC0019-300x200.jpg 300w, https:\/\/preservons-la-nature.fr\/blog\/wp-content\/uploads\/2012\/09\/DSC0019.jpg 900w\" sizes=\"auto, (max-width: 300px) 100vw, 300px\" \/><\/a><\/p>\n"},"caption":{"rendered":"<p>Un flot \u00e9norme d&rsquo;eaux us\u00e9es circule m\u00eame en pleine canicule <a href=\"https:\/\/preservons-la-nature.fr\/blog\/?attachment_id=1075\">Continuer la lecture <span class=\"meta-nav\">&rarr;<\/span><\/a><\/p>\n"},"alt_text":"Un flot \u00e9norme d'eaux us\u00e9es circule m\u00eame en pleine canicule","media_type":"image","mime_type":"image\/jpeg","media_details":{"width":"900","height":"600","hwstring_small":"height='85' width='128'","file":"2012\/09\/DSC0019.jpg","sizes":{"thumbnail":{"file":"DSC0019-150x150.jpg","width":"150","height":"150","source_url":"https:\/\/preservons-la-nature.fr\/blog\/wp-content\/uploads\/2012\/09\/DSC0019-150x150.jpg"},"medium":{"file":"DSC0019-300x200.jpg","width":"300","height":"200","source_url":"https:\/\/preservons-la-nature.fr\/blog\/wp-content\/uploads\/2012\/09\/DSC0019-300x200.jpg"},"post-thumbnail":{"file":"DSC0019-900x198.jpg","width":"900","height":"198","source_url":"https:\/\/preservons-la-nature.fr\/blog\/wp-content\/uploads\/2012\/09\/DSC0019-900x198.jpg"},"full":{"file":"DSC0019.jpg","width":900,"height":600,"mime_type":"image\/jpeg","source_url":"https:\/\/preservons-la-nature.fr\/blog\/wp-content\/uploads\/2012\/09\/DSC0019.jpg"}},"image_meta":{"aperture":"6.3","credit":"","camera":"DSLR-A700","caption":"","created_timestamp":"1346521576","copyright":"","focal_length":"100","iso":"200","shutter_speed":"0.008","title":"SONY DSC"}},"post":1065,"source_url":"https:\/\/preservons-la-nature.fr\/blog\/wp-content\/uploads\/2012\/09\/DSC0019.jpg","_links":{"self":[{"href":"https:\/\/preservons-la-nature.fr\/blog\/index.php?rest_route=\/wp\/v2\/media\/1075","targetHints":{"allow":["GET"]}}],"collection":[{"href":"https:\/\/preservons-la-nature.fr\/blog\/index.php?rest_route=\/wp\/v2\/media"}],"about":[{"href":"https:\/\/preservons-la-nature.fr\/blog\/index.php?rest_route=\/wp\/v2\/types\/attachment"}],"author":[{"embeddable":true,"href":"https:\/\/preservons-la-nature.fr\/blog\/index.php?rest_route=\/wp\/v2\/users\/1"}],"replies":[{"embeddable":true,"href":"https:\/\/preservons-la-nature.fr\/blog\/index.php?rest_route=%2Fwp%2Fv2%2Fcomments&post=1075"}]}}

Un flot énorme d&rsquo;eaux usées circule même en pleine canicule

<p class="attachment"><a href='https://preservons-la-nature.fr/blog/wp-content/uploads/2012/09/DSC0019.jpg'><img loading="lazy" decoding="async" width="300" height="200" src="https://preservons-la-nature.fr/blog/wp-content/uploads/2012/09/DSC0019-300x200.jpg" class="attachment-medium size-medium" alt="Un flot énorme d&#039;eaux usées circule même en pleine canicule" srcset="https://preservons-la-nature.fr/blog/wp-content/uploads/2012/09/DSC0019-300x200.jpg 300w, https://preservons-la-nature.fr/blog/wp-content/uploads/2012/09/DSC0019.jpg 900w" sizes="auto, (max-width: 300px) 100vw, 300px" /></a></p>

<p>Un flot énorme d&rsquo;eaux usées circule même en pleine canicule <a href="https://preservons-la-nature.fr/blog/?attachment_id=1075">Continuer la lecture <span class="meta-nav">&rarr;</span></a></p>

Un flot énorme d'eaux usées circule même en pleine canicule
