{"id":1073,"date":"2012-09-11T11:40:28","date_gmt":"2012-09-11T11:40:28","guid":{"rendered":"https:\/\/www.preservons-la-nature.fr\/blog\/wp-content\/uploads\/2012\/09\/DSC0016.jpg"},"modified":"2012-09-11T11:40:28","modified_gmt":"2012-09-11T11:40:28","slug":"sony-dsc-191","status":"inherit","type":"attachment","link":"https:\/\/preservons-la-nature.fr\/blog\/?attachment_id=1073","title":{"rendered":"Bouche d&rsquo;\u00e9go\u00fbt arrach\u00e9e par la pression des eaux us\u00e9es !"},"author":1,"featured_media":0,"comment_status":"open","ping_status":"open","template":"","meta":[],"class_list":["post-1073","attachment","type-attachment","status-inherit","hentry"],"description":{"rendered":"<p class=\"attachment\"><a href='https:\/\/preservons-la-nature.fr\/blog\/wp-content\/uploads\/2012\/09\/DSC0016.jpg'><img loading=\"lazy\" decoding=\"async\" width=\"300\" height=\"200\" src=\"https:\/\/preservons-la-nature.fr\/blog\/wp-content\/uploads\/2012\/09\/DSC0016-300x200.jpg\" class=\"attachment-medium size-medium\" alt=\"Bouche d&#039;\u00e9go\u00fbt arrach\u00e9e par la pression des eaux us\u00e9es !\" srcset=\"https:\/\/preservons-la-nature.fr\/blog\/wp-content\/uploads\/2012\/09\/DSC0016-300x200.jpg 300w, https:\/\/preservons-la-nature.fr\/blog\/wp-content\/uploads\/2012\/09\/DSC0016.jpg 900w\" sizes=\"auto, (max-width: 300px) 100vw, 300px\" \/><\/a><\/p>\n"},"caption":{"rendered":"<p>Bouche d&rsquo;\u00e9go\u00fbt arrach\u00e9e par la pression des eaux us\u00e9es ! <a href=\"https:\/\/preservons-la-nature.fr\/blog\/?attachment_id=1073\">Continuer la lecture <span class=\"meta-nav\">&rarr;<\/span><\/a><\/p>\n"},"alt_text":"Bouche d'\u00e9go\u00fbt arrach\u00e9e par la pression des eaux us\u00e9es !","media_type":"image","mime_type":"image\/jpeg","media_details":{"width":"900","height":"600","hwstring_small":"height='85' width='128'","file":"2012\/09\/DSC0016.jpg","sizes":{"thumbnail":{"file":"DSC0016-150x150.jpg","width":"150","height":"150","source_url":"https:\/\/preservons-la-nature.fr\/blog\/wp-content\/uploads\/2012\/09\/DSC0016-150x150.jpg"},"medium":{"file":"DSC0016-300x200.jpg","width":"300","height":"200","source_url":"https:\/\/preservons-la-nature.fr\/blog\/wp-content\/uploads\/2012\/09\/DSC0016-300x200.jpg"},"post-thumbnail":{"file":"DSC0016-900x198.jpg","width":"900","height":"198","source_url":"https:\/\/preservons-la-nature.fr\/blog\/wp-content\/uploads\/2012\/09\/DSC0016-900x198.jpg"},"full":{"file":"DSC0016.jpg","width":900,"height":600,"mime_type":"image\/jpeg","source_url":"https:\/\/preservons-la-nature.fr\/blog\/wp-content\/uploads\/2012\/09\/DSC0016.jpg"}},"image_meta":{"aperture":"9","credit":"","camera":"DSLR-A700","caption":"","created_timestamp":"1346521495","copyright":"","focal_length":"100","iso":"200","shutter_speed":"0.01","title":"SONY DSC"}},"post":1065,"source_url":"https:\/\/preservons-la-nature.fr\/blog\/wp-content\/uploads\/2012\/09\/DSC0016.jpg","_links":{"self":[{"href":"https:\/\/preservons-la-nature.fr\/blog\/index.php?rest_route=\/wp\/v2\/media\/1073","targetHints":{"allow":["GET"]}}],"collection":[{"href":"https:\/\/preservons-la-nature.fr\/blog\/index.php?rest_route=\/wp\/v2\/media"}],"about":[{"href":"https:\/\/preservons-la-nature.fr\/blog\/index.php?rest_route=\/wp\/v2\/types\/attachment"}],"author":[{"embeddable":true,"href":"https:\/\/preservons-la-nature.fr\/blog\/index.php?rest_route=\/wp\/v2\/users\/1"}],"replies":[{"embeddable":true,"href":"https:\/\/preservons-la-nature.fr\/blog\/index.php?rest_route=%2Fwp%2Fv2%2Fcomments&post=1073"}]}}

Bouche d&rsquo;égoût arrachée par la pression des eaux usées !

<p class="attachment"><a href='https://preservons-la-nature.fr/blog/wp-content/uploads/2012/09/DSC0016.jpg'><img loading="lazy" decoding="async" width="300" height="200" src="https://preservons-la-nature.fr/blog/wp-content/uploads/2012/09/DSC0016-300x200.jpg" class="attachment-medium size-medium" alt="Bouche d&#039;égoût arrachée par la pression des eaux usées !" srcset="https://preservons-la-nature.fr/blog/wp-content/uploads/2012/09/DSC0016-300x200.jpg 300w, https://preservons-la-nature.fr/blog/wp-content/uploads/2012/09/DSC0016.jpg 900w" sizes="auto, (max-width: 300px) 100vw, 300px" /></a></p>

<p>Bouche d&rsquo;égoût arrachée par la pression des eaux usées ! <a href="https://preservons-la-nature.fr/blog/?attachment_id=1073">Continuer la lecture <span class="meta-nav">&rarr;</span></a></p>

Bouche d'égoût arrachée par la pression des eaux usées !
